{"id":96454,"date":"2024-04-24T10:55:28","date_gmt":"2024-04-24T08:55:28","guid":{"rendered":"https:\/\/www.bb-entertainia.de\/test-bb-tickets\/?post_type=product&#038;p=96454"},"modified":"2024-07-25T07:58:46","modified_gmt":"2024-07-25T05:58:46","slug":"letz-zep-zeppelins-resurrection-led-zeppelin-tribute-no-1","status":"publish","type":"product","link":"https:\/\/www.bb-entertainia.de\/test-bb-tickets\/product\/letz-zep-zeppelins-resurrection-led-zeppelin-tribute-no-1\/","title":{"rendered":"LETZ ZEP \u2013 Zeppelin\u00b4s Resurrection \u2013 Led Zeppelin Tribute No. 1"},"content":{"rendered":"<h3>2025 STARTET LETZ-ZEP WIEDER, DIE WAHRSCHEINLICH BESTE LED-ZEPPELIN-TRIBUTE-BAND AUF DEM PLANETEN ERDE, DIE TRIEBWERKE IHRER ZEITREISE-MASCHINE \u00c0 LA PAGE \/ PLANT \/ JONES &amp; BONHAM ERSTMALS AUCH IM LOKSCHUPPEN BEBRA<\/h3>\n<p>In gewisser Art riecht es f\u00f6rmlich schon nach jeder Menge rockhistorischem Flugtreibstoff: LETZ-ZEP landet am 22 M\u00e4rz 2025 im Lokschuppen Bebra. Mit ihren Leistungen hat die wohl bekannteste und erfolgreichste Hommage an Led\u00a0 Zeppelin ein Kapitel in der Geschichte der Tribute-Bands geschrieben. Jimmy Page, Gr\u00fcnder Led Zeppelins, selbst zeigte sich als begeisterter Fan der Gruppe. Und Mr. Robert Plant h\u00f6chstpers\u00f6nlich zeigte sich nach einem LETZ-ZEP Konzertbesuch absolut begeistert und sagt: \u201eI walked in, I saw me\u201c. Das gleicht einem Ritterschlag und bedeutet schlichtweg: Besser geht\u2019s nicht!<\/p>\n<p>Letz Zep gilt heute als weltweit beste Tribute Band, eine tats\u00e4chlich atemberaubende Band.<\/p>\n<p>Mit LETZ-ZEP geht es sound- und outfitm\u00e4\u00dfig zur\u00fcck in die Mitte der Siebziger Jahre, in die Zeit von \u201eThe Song Remains The Same. S\u00e4nger Billy Kulke und seine Mannen decken den kompletten Musikkatalog von Led Zeppelin ab und erweitern ihre Konzert-Setlist regelm\u00e4\u00dfig um die eine oder andere Klangperle.<br \/>\nIhre B\u00fchnen-Performance vermittelt einen authentischen Eindruck des Schaffens der Rock-Ikonen und begeistert Unbedarfte wie Szene-Veteranen gleicherma\u00dfen. Nur wenige Tribute-Bands schaffen es, ihren Vorbildern in Show, Sound und Outfit tats\u00e4chlich nahe zu kommen. Die Briten von LETZ-ZEP geh\u00f6ren mit ihren nicht selten 2 Stunden und mehr andauernden Konzerten zweifelsfrei dazu.<br \/>\nSichert euch eure Tickets f\u00fcr die global erobernden Doppelg\u00e4nger Led Zepplins jetzt im Vorverkauf!<\/p>\n<p>&nbsp;<\/p>\n<p>&nbsp;<\/p>\n","protected":false},"excerpt":{"rendered":"<p><span class=\"uF-qm _2Cofy J2pYd _2Rnds\"><span class=\"_1idsK\" data-hook=\"ev-list-item-title\">Normalpreis<br \/>\nDatum: 22.03.2025, Beginn: 20:00 Uhr<br \/>\nEinlass 19.00 Uhr<br \/>\n<\/span><\/span><\/p>\n<p><strong>Preise \/ Person:<\/strong><br \/>\nReihen 1 bis 16: <strong>44,- \u20ac<\/strong><br \/>\nReihen 17 bis 28: <strong>39,- \u20ac<\/strong><br \/>\nReihen 29 bis 40: <strong>35,- \u20ac<br \/>\n<\/strong>Stehplatz: <strong>33,- \u20ac<br \/>\n<\/strong><\/p>\n<p><strong>Achtung, der Saal verf\u00fcgt \u00fcber Sitzpl\u00e4tze in Event-Tisch-Bestuhlung, bestehend jeweils aus einem oder mehreren Event-Tischen mit 8, 16 oder 32 Sitzpl\u00e4tzen am Tisch.<\/strong><\/p>\n","protected":false},"author":1,"featured_media":96535,"template":"","meta":[],"product_cat":[61],"product_tag":[],"class_list":{"0":"post-96454","1":"product","2":"type-product","3":"status-publish","4":"has-post-thumbnail","6":"product_cat-konzert","8":"first","9":"instock","10":"taxable","11":"shipping-taxable","12":"purchasable","13":"product-type-variable"},"yoast_head":"<!-- This site is optimized with the Yoast SEO plugin v23.3 - https:\/\/yoast.com\/wordpress\/plugins\/seo\/ -->\n<title>LETZ ZEP \u2013 Zeppelin\u00b4s Resurrection \u2013 Led Zeppelin Tribute No. 1 - Ticket-Shop BB Entertainia<\/title>\n<meta name=\"robots\" content=\"index, follow, max-snippet:-1, max-image-preview:large, max-video-preview:-1\" \/>\n<link rel=\"canonical\" href=\"https:\/\/www.bb-entertainia.de\/test-bb-tickets\/product\/letz-zep-zeppelins-resurrection-led-zeppelin-tribute-no-1\/\" \/>\n<meta property=\"og:locale\" content=\"de_DE\" \/>\n<meta property=\"og:type\" content=\"article\" \/>\n<meta property=\"og:title\" content=\"LETZ ZEP \u2013 Zeppelin\u00b4s Resurrection \u2013 Led Zeppelin Tribute No. 1 - Ticket-Shop BB Entertainia\" \/>\n<meta property=\"og:description\" content=\"Normalpreis Datum: 22.03.2025, Beginn: 20:00 Uhr Einlass 19.00 Uhr   Preise \/ Person: Reihen 1 bis 16: 44,- \u20ac Reihen 17 bis 28: 39,- \u20ac Reihen 29 bis 40: 35,- \u20ac Stehplatz: 33,- \u20ac   Achtung, der Saal verf\u00fcgt \u00fcber Sitzpl\u00e4tze in Event-Tisch-Bestuhlung, bestehend jeweils aus einem oder mehreren Event-Tischen mit 8, 16 oder 32 Sitzpl\u00e4tzen am Tisch.\" \/>\n<meta property=\"og:url\" content=\"https:\/\/www.bb-entertainia.de\/test-bb-tickets\/product\/letz-zep-zeppelins-resurrection-led-zeppelin-tribute-no-1\/\" \/>\n<meta property=\"og:site_name\" content=\"Ticket-Shop BB Entertainia\" \/>\n<meta property=\"article:modified_time\" content=\"2024-07-25T05:58:46+00:00\" \/>\n<meta property=\"og:image\" content=\"https:\/\/www.bb-entertainia.de\/test-bb-tickets\/wp-content\/uploads\/sh-LETZ-ZEP-Led-Zeppelin-Tribute-No-1.jpg\" \/>\n\t<meta property=\"og:image:width\" content=\"1000\" \/>\n\t<meta property=\"og:image:height\" content=\"1000\" \/>\n\t<meta property=\"og:image:type\" content=\"image\/jpeg\" \/>\n<meta name=\"twitter:card\" content=\"summary_large_image\" \/>\n<meta name=\"twitter:label1\" content=\"Gesch\u00e4tzte Lesezeit\" \/>\n\t<meta name=\"twitter:data1\" content=\"2\u00a0Minuten\" \/>\n<script type=\"application\/ld+json\" class=\"yoast-schema-graph\">{\"@context\":\"https:\/\/schema.org\",\"@graph\":[{\"@type\":\"WebPage\",\"@id\":\"https:\/\/www.bb-entertainia.de\/test-bb-tickets\/product\/letz-zep-zeppelins-resurrection-led-zeppelin-tribute-no-1\/\",\"url\":\"https:\/\/www.bb-entertainia.de\/test-bb-tickets\/product\/letz-zep-zeppelins-resurrection-led-zeppelin-tribute-no-1\/\",\"name\":\"LETZ ZEP \u2013 Zeppelin\u00b4s Resurrection \u2013 Led Zeppelin Tribute No. 1 - Ticket-Shop BB Entertainia\",\"isPartOf\":{\"@id\":\"https:\/\/www.bb-entertainia.de\/test-bb-tickets\/#website\"},\"primaryImageOfPage\":{\"@id\":\"https:\/\/www.bb-entertainia.de\/test-bb-tickets\/product\/letz-zep-zeppelins-resurrection-led-zeppelin-tribute-no-1\/#primaryimage\"},\"image\":{\"@id\":\"https:\/\/www.bb-entertainia.de\/test-bb-tickets\/product\/letz-zep-zeppelins-resurrection-led-zeppelin-tribute-no-1\/#primaryimage\"},\"thumbnailUrl\":\"https:\/\/www.bb-entertainia.de\/test-bb-tickets\/wp-content\/uploads\/sh-LETZ-ZEP-Led-Zeppelin-Tribute-No-1.jpg\",\"datePublished\":\"2024-04-24T08:55:28+00:00\",\"dateModified\":\"2024-07-25T05:58:46+00:00\",\"breadcrumb\":{\"@id\":\"https:\/\/www.bb-entertainia.de\/test-bb-tickets\/product\/letz-zep-zeppelins-resurrection-led-zeppelin-tribute-no-1\/#breadcrumb\"},\"inLanguage\":\"de\",\"potentialAction\":[{\"@type\":\"ReadAction\",\"target\":[\"https:\/\/www.bb-entertainia.de\/test-bb-tickets\/product\/letz-zep-zeppelins-resurrection-led-zeppelin-tribute-no-1\/\"]}]},{\"@type\":\"ImageObject\",\"inLanguage\":\"de\",\"@id\":\"https:\/\/www.bb-entertainia.de\/test-bb-tickets\/product\/letz-zep-zeppelins-resurrection-led-zeppelin-tribute-no-1\/#primaryimage\",\"url\":\"https:\/\/www.bb-entertainia.de\/test-bb-tickets\/wp-content\/uploads\/sh-LETZ-ZEP-Led-Zeppelin-Tribute-No-1.jpg\",\"contentUrl\":\"https:\/\/www.bb-entertainia.de\/test-bb-tickets\/wp-content\/uploads\/sh-LETZ-ZEP-Led-Zeppelin-Tribute-No-1.jpg\",\"width\":1000,\"height\":1000},{\"@type\":\"BreadcrumbList\",\"@id\":\"https:\/\/www.bb-entertainia.de\/test-bb-tickets\/product\/letz-zep-zeppelins-resurrection-led-zeppelin-tribute-no-1\/#breadcrumb\",\"itemListElement\":[{\"@type\":\"ListItem\",\"position\":1,\"name\":\"Home\",\"item\":\"https:\/\/www.bb-entertainia.de\/test-bb-tickets\/\"},{\"@type\":\"ListItem\",\"position\":2,\"name\":\"Tickets\",\"item\":\"https:\/\/www.bb-entertainia.de\/test-bb-tickets\/\"},{\"@type\":\"ListItem\",\"position\":3,\"name\":\"LETZ ZEP \u2013 Zeppelin\u00b4s Resurrection \u2013 Led Zeppelin Tribute No. 1\"}]},{\"@type\":\"WebSite\",\"@id\":\"https:\/\/www.bb-entertainia.de\/test-bb-tickets\/#website\",\"url\":\"https:\/\/www.bb-entertainia.de\/test-bb-tickets\/\",\"name\":\"Ticket-Shop BB Entertainia\",\"description\":\"\",\"publisher\":{\"@id\":\"https:\/\/www.bb-entertainia.de\/test-bb-tickets\/#organization\"},\"potentialAction\":[{\"@type\":\"SearchAction\",\"target\":{\"@type\":\"EntryPoint\",\"urlTemplate\":\"https:\/\/www.bb-entertainia.de\/test-bb-tickets\/?s={search_term_string}\"},\"query-input\":\"required name=search_term_string\"}],\"inLanguage\":\"de\"},{\"@type\":\"Organization\",\"@id\":\"https:\/\/www.bb-entertainia.de\/test-bb-tickets\/#organization\",\"name\":\"Ticket-Shop BB Entertainia\",\"url\":\"https:\/\/www.bb-entertainia.de\/test-bb-tickets\/\",\"logo\":{\"@type\":\"ImageObject\",\"inLanguage\":\"de\",\"@id\":\"https:\/\/www.bb-entertainia.de\/test-bb-tickets\/#\/schema\/logo\/image\/\",\"url\":\"https:\/\/www.bb-entertainia.de\/test-bb-tickets\/wp-content\/uploads\/2020\/01\/logo-bb-entertainia.png\",\"contentUrl\":\"https:\/\/www.bb-entertainia.de\/test-bb-tickets\/wp-content\/uploads\/2020\/01\/logo-bb-entertainia.png\",\"width\":500,\"height\":102,\"caption\":\"Ticket-Shop BB Entertainia\"},\"image\":{\"@id\":\"https:\/\/www.bb-entertainia.de\/test-bb-tickets\/#\/schema\/logo\/image\/\"}}]}<\/script>\n<!-- \/ Yoast SEO plugin. -->","yoast_head_json":{"title":"LETZ ZEP \u2013 Zeppelin\u00b4s Resurrection \u2013 Led Zeppelin Tribute No. 1 - Ticket-Shop BB Entertainia","robots":{"index":"index","follow":"follow","max-snippet":"max-snippet:-1","max-image-preview":"max-image-preview:large","max-video-preview":"max-video-preview:-1"},"canonical":"https:\/\/www.bb-entertainia.de\/test-bb-tickets\/product\/letz-zep-zeppelins-resurrection-led-zeppelin-tribute-no-1\/","og_locale":"de_DE","og_type":"article","og_title":"LETZ ZEP \u2013 Zeppelin\u00b4s Resurrection \u2013 Led Zeppelin Tribute No. 1 - Ticket-Shop BB Entertainia","og_description":"Normalpreis Datum: 22.03.2025, Beginn: 20:00 Uhr Einlass 19.00 Uhr   Preise \/ Person: Reihen 1 bis 16: 44,- \u20ac Reihen 17 bis 28: 39,- \u20ac Reihen 29 bis 40: 35,- \u20ac Stehplatz: 33,- \u20ac   Achtung, der Saal verf\u00fcgt \u00fcber Sitzpl\u00e4tze in Event-Tisch-Bestuhlung, bestehend jeweils aus einem oder mehreren Event-Tischen mit 8, 16 oder 32 Sitzpl\u00e4tzen am Tisch.","og_url":"https:\/\/www.bb-entertainia.de\/test-bb-tickets\/product\/letz-zep-zeppelins-resurrection-led-zeppelin-tribute-no-1\/","og_site_name":"Ticket-Shop BB Entertainia","article_modified_time":"2024-07-25T05:58:46+00:00","og_image":[{"width":1000,"height":1000,"url":"https:\/\/www.bb-entertainia.de\/test-bb-tickets\/wp-content\/uploads\/sh-LETZ-ZEP-Led-Zeppelin-Tribute-No-1.jpg","type":"image\/jpeg"}],"twitter_card":"summary_large_image","twitter_misc":{"Gesch\u00e4tzte Lesezeit":"2\u00a0Minuten"},"schema":{"@context":"https:\/\/schema.org","@graph":[{"@type":"WebPage","@id":"https:\/\/www.bb-entertainia.de\/test-bb-tickets\/product\/letz-zep-zeppelins-resurrection-led-zeppelin-tribute-no-1\/","url":"https:\/\/www.bb-entertainia.de\/test-bb-tickets\/product\/letz-zep-zeppelins-resurrection-led-zeppelin-tribute-no-1\/","name":"LETZ ZEP \u2013 Zeppelin\u00b4s Resurrection \u2013 Led Zeppelin Tribute No. 1 - Ticket-Shop BB Entertainia","isPartOf":{"@id":"https:\/\/www.bb-entertainia.de\/test-bb-tickets\/#website"},"primaryImageOfPage":{"@id":"https:\/\/www.bb-entertainia.de\/test-bb-tickets\/product\/letz-zep-zeppelins-resurrection-led-zeppelin-tribute-no-1\/#primaryimage"},"image":{"@id":"https:\/\/www.bb-entertainia.de\/test-bb-tickets\/product\/letz-zep-zeppelins-resurrection-led-zeppelin-tribute-no-1\/#primaryimage"},"thumbnailUrl":"https:\/\/www.bb-entertainia.de\/test-bb-tickets\/wp-content\/uploads\/sh-LETZ-ZEP-Led-Zeppelin-Tribute-No-1.jpg","datePublished":"2024-04-24T08:55:28+00:00","dateModified":"2024-07-25T05:58:46+00:00","breadcrumb":{"@id":"https:\/\/www.bb-entertainia.de\/test-bb-tickets\/product\/letz-zep-zeppelins-resurrection-led-zeppelin-tribute-no-1\/#breadcrumb"},"inLanguage":"de","potentialAction":[{"@type":"ReadAction","target":["https:\/\/www.bb-entertainia.de\/test-bb-tickets\/product\/letz-zep-zeppelins-resurrection-led-zeppelin-tribute-no-1\/"]}]},{"@type":"ImageObject","inLanguage":"de","@id":"https:\/\/www.bb-entertainia.de\/test-bb-tickets\/product\/letz-zep-zeppelins-resurrection-led-zeppelin-tribute-no-1\/#primaryimage","url":"https:\/\/www.bb-entertainia.de\/test-bb-tickets\/wp-content\/uploads\/sh-LETZ-ZEP-Led-Zeppelin-Tribute-No-1.jpg","contentUrl":"https:\/\/www.bb-entertainia.de\/test-bb-tickets\/wp-content\/uploads\/sh-LETZ-ZEP-Led-Zeppelin-Tribute-No-1.jpg","width":1000,"height":1000},{"@type":"BreadcrumbList","@id":"https:\/\/www.bb-entertainia.de\/test-bb-tickets\/product\/letz-zep-zeppelins-resurrection-led-zeppelin-tribute-no-1\/#breadcrumb","itemListElement":[{"@type":"ListItem","position":1,"name":"Home","item":"https:\/\/www.bb-entertainia.de\/test-bb-tickets\/"},{"@type":"ListItem","position":2,"name":"Tickets","item":"https:\/\/www.bb-entertainia.de\/test-bb-tickets\/"},{"@type":"ListItem","position":3,"name":"LETZ ZEP \u2013 Zeppelin\u00b4s Resurrection \u2013 Led Zeppelin Tribute No. 1"}]},{"@type":"WebSite","@id":"https:\/\/www.bb-entertainia.de\/test-bb-tickets\/#website","url":"https:\/\/www.bb-entertainia.de\/test-bb-tickets\/","name":"Ticket-Shop BB Entertainia","description":"","publisher":{"@id":"https:\/\/www.bb-entertainia.de\/test-bb-tickets\/#organization"},"potentialAction":[{"@type":"SearchAction","target":{"@type":"EntryPoint","urlTemplate":"https:\/\/www.bb-entertainia.de\/test-bb-tickets\/?s={search_term_string}"},"query-input":"required name=search_term_string"}],"inLanguage":"de"},{"@type":"Organization","@id":"https:\/\/www.bb-entertainia.de\/test-bb-tickets\/#organization","name":"Ticket-Shop BB Entertainia","url":"https:\/\/www.bb-entertainia.de\/test-bb-tickets\/","logo":{"@type":"ImageObject","inLanguage":"de","@id":"https:\/\/www.bb-entertainia.de\/test-bb-tickets\/#\/schema\/logo\/image\/","url":"https:\/\/www.bb-entertainia.de\/test-bb-tickets\/wp-content\/uploads\/2020\/01\/logo-bb-entertainia.png","contentUrl":"https:\/\/www.bb-entertainia.de\/test-bb-tickets\/wp-content\/uploads\/2020\/01\/logo-bb-entertainia.png","width":500,"height":102,"caption":"Ticket-Shop BB Entertainia"},"image":{"@id":"https:\/\/www.bb-entertainia.de\/test-bb-tickets\/#\/schema\/logo\/image\/"}}]}},"tiered_pricing_type":"fixed","tiered_pricing_fixed_rules":[],"tiered_pricing_product_settings":{"layout":"default","base_unit_name":{"singular":null,"plural":null},"default_variation":null},"tiered_pricing_minimum_quantity":1,"tiered_pricing_roles_data":[],"tiered_pricing_percentage_rules":[],"_links":{"self":[{"href":"https:\/\/www.bb-entertainia.de\/test-bb-tickets\/wp-json\/wp\/v2\/product\/96454"}],"collection":[{"href":"https:\/\/www.bb-entertainia.de\/test-bb-tickets\/wp-json\/wp\/v2\/product"}],"about":[{"href":"https:\/\/www.bb-entertainia.de\/test-bb-tickets\/wp-json\/wp\/v2\/types\/product"}],"author":[{"embeddable":true,"href":"https:\/\/www.bb-entertainia.de\/test-bb-tickets\/wp-json\/wp\/v2\/users\/1"}],"wp:featuredmedia":[{"embeddable":true,"href":"https:\/\/www.bb-entertainia.de\/test-bb-tickets\/wp-json\/wp\/v2\/media\/96535"}],"wp:attachment":[{"href":"https:\/\/www.bb-entertainia.de\/test-bb-tickets\/wp-json\/wp\/v2\/media?parent=96454"}],"wp:term":[{"taxonomy":"product_cat","embeddable":true,"href":"https:\/\/www.bb-entertainia.de\/test-bb-tickets\/wp-json\/wp\/v2\/product_cat?post=96454"},{"taxonomy":"product_tag","embeddable":true,"href":"https:\/\/www.bb-entertainia.de\/test-bb-tickets\/wp-json\/wp\/v2\/product_tag?post=96454"}],"curies":[{"name":"wp","href":"https:\/\/api.w.org\/{rel}","templated":true}]}}