{"id":77180,"date":"2024-01-05T10:30:06","date_gmt":"2024-01-05T09:30:06","guid":{"rendered":"https:\/\/www.bb-entertainia.de\/test-bb-tickets\/?post_type=product&#038;p=77180"},"modified":"2024-06-07T09:41:28","modified_gmt":"2024-06-07T07:41:28","slug":"4-bebraer-dart-turnier-im-lokschuppen","status":"publish","type":"product","link":"https:\/\/www.bb-entertainia.de\/test-bb-tickets\/product\/4-bebraer-dart-turnier-im-lokschuppen\/","title":{"rendered":"4. Bebraer Dart-Turnier im Lokschuppen"},"content":{"rendered":"<h3>Ein Dart Turnier auf Bundesliga-Niveau!<br \/>\nMit einem Average bis 90 und einer 180er Garantie!<br \/>\nMit dabei sind Robert Marijanovi\u0107, Patrick Klingelh\u00f6fer, Lukas Wenig und viele mehr!<\/h3>\n<p>Das 4. Bebraer Dart Turnier bietet euch noch mehr Spektakel. Es wird Freitag und Samstag je eine Session geben.<br \/>\nW\u00e4hrend am Samstag Robert Marijanovi\u0107, Patrick Klingelh\u00f6fer, Lukas Wenig der Gewinner aus diesem Jahr und viele weitere Turniersieger aus dem Jahr 2024 aufeinandertreffen werden, stehen sich am Freitag die besten Spieler aus den Vereinen im Kreis gegen\u00fcber.<\/p>\n<p><strong>After-Show-Party mit dem DJ \u201eTanzgeselle\u201c am Freitag und am Samstag nach dem Turnier! (ca. zwischen 00.00 und 01.00 Uhr)<\/strong><\/p>\n<p>&nbsp;<\/p>\n","protected":false},"excerpt":{"rendered":"<p><span class=\"uF-qm _2Cofy J2pYd _2Rnds\"><span class=\"_1idsK\" data-hook=\"ev-list-item-title\">4. Bebraer Dart-Turnier mit After-Show-Party<br \/>\nDatum: 03. + 04. 01.2025<br \/>\nFreitag &#8211; Beginn: 19:00 Uhr, Einlass 18:00 Uhr<br \/>\nSamstag &#8211; Beginn: 19:00 Uhr, Einlass 18:00 Uhr<br \/>\n<\/span><\/span><\/p>\n<p><span style=\"color: #339966;\"><strong>Freitag:<\/strong><\/span><br \/>\n<strong>Einzelplatz <span style=\"color: #339966;\">15,- \u20ac<\/span> | Ganzer Tisch f\u00fcr 8 Personen = <span style=\"color: #339966;\">110,- \u20ac<\/span><\/strong><br \/>\n<strong>Einzelplatz Premium <span style=\"color: #339966;\">16,- \u20ac<\/span> | Ganzer Tisch Premium f\u00fcr 8 Personen = <span style=\"color: #339966;\">120,- \u20ac<\/span><\/strong><br \/>\n<span style=\"color: #339966;\"><strong>Samstag:<\/strong><\/span><br \/>\n<strong>Einzelplatz <span style=\"color: #339966;\">25,- \u20ac<\/span> | Ganzer Tisch f\u00fcr 8 Personen = <span style=\"color: #339966;\">190,- \u20ac<\/span><\/strong><br \/>\n<strong>Einzelplatz Premium <span style=\"color: #339966;\">27,- \u20ac<\/span> | Ganzer Tisch Premium f\u00fcr 8 Personen = <span style=\"color: #339966;\">200,- \u20ac<\/span><\/strong><br \/>\n<span style=\"color: #339966;\"><strong>Kombi-Ticket:<\/strong><\/span><br \/>\n<strong>Einzelplatz <span style=\"color: #339966;\">35,- \u20ac<\/span> | Ganzer Tisch f\u00fcr 8 Personen = <span style=\"color: #339966;\">256,- \u20ac<\/span><\/strong><br \/>\n<strong>Einzelplatz Premium <span style=\"color: #339966;\">37,50 \u20ac<\/span> | Ganzer Tisch Premium f\u00fcr 8 Personen = <span style=\"color: #339966;\">280,- \u20ac<\/span><\/strong><\/p>\n<p><strong>SO BUCHEN SIE IHREN EIGENEN TISCH:<\/strong><br \/>\nGeben Sie <strong>8 Pl\u00e4tze<\/strong> im Shop ein und Sie erhalten automatisch Ihren eigenen <strong>kompletten Tisch<\/strong> und profitieren zus\u00e4tzlich vom <strong>g\u00fcnstigen Komplett-Tisch-Rabatt<\/strong>.<br \/>\nWenn Sie 2 komplette Tische w\u00fcnschen, geben Sie einfach 16 Tickets ein, speichern diese im Warenkorb (Button &#8220;Tickets bestellen&#8221;).<span class=\"uF-qm _2Cofy J2pYd _2Rnds\"><span class=\"_1idsK\" data-hook=\"ev-list-item-title\">\u00a0<\/span><\/span><\/p>\n","protected":false},"author":1,"featured_media":77490,"template":"","meta":[],"product_cat":[53,119],"product_tag":[],"class_list":{"0":"post-77180","1":"product","2":"type-product","3":"status-publish","4":"has-post-thumbnail","6":"product_cat-party","7":"product_cat-turnier","9":"first","10":"instock","11":"taxable","12":"shipping-taxable","13":"purchasable","14":"product-type-variable"},"yoast_head":"<!-- This site is optimized with the Yoast SEO plugin v23.3 - https:\/\/yoast.com\/wordpress\/plugins\/seo\/ -->\n<title>4. Bebraer Dart-Turnier im Lokschuppen - Ticket-Shop BB Entertainia<\/title>\n<meta name=\"robots\" content=\"index, follow, max-snippet:-1, max-image-preview:large, max-video-preview:-1\" \/>\n<link rel=\"canonical\" href=\"https:\/\/www.bb-entertainia.de\/test-bb-tickets\/product\/4-bebraer-dart-turnier-im-lokschuppen\/\" \/>\n<meta property=\"og:locale\" content=\"de_DE\" \/>\n<meta property=\"og:type\" content=\"article\" \/>\n<meta property=\"og:title\" content=\"4. Bebraer Dart-Turnier im Lokschuppen - Ticket-Shop BB Entertainia\" \/>\n<meta property=\"og:description\" content=\"4. Bebraer Dart-Turnier mit After-Show-Party Datum: 03. + 04. 01.2025 Freitag - Beginn: 19:00 Uhr, Einlass 18:00 Uhr Samstag - Beginn: 19:00 Uhr, Einlass 18:00 Uhr   Freitag: Einzelplatz 15,- \u20ac | Ganzer Tisch f\u00fcr 8 Personen = 110,- \u20ac Einzelplatz Premium 16,- \u20ac | Ganzer Tisch Premium f\u00fcr 8 Personen = 120,- \u20ac Samstag: Einzelplatz 25,- \u20ac | Ganzer Tisch f\u00fcr 8 Personen = 190,- \u20ac Einzelplatz Premium 27,- \u20ac | Ganzer Tisch Premium f\u00fcr 8 Personen = 200,- \u20ac Kombi-Ticket: Einzelplatz 35,- \u20ac | Ganzer Tisch f\u00fcr 8 Personen = 256,- \u20ac Einzelplatz Premium 37,50 \u20ac | Ganzer Tisch Premium f\u00fcr 8 Personen = 280,- \u20ac  SO BUCHEN SIE IHREN EIGENEN TISCH: Geben Sie 8 Pl\u00e4tze im Shop ein und Sie erhalten automatisch Ihren eigenen kompletten Tisch und profitieren zus\u00e4tzlich vom g\u00fcnstigen Komplett-Tisch-Rabatt. Wenn Sie 2 komplette Tische w\u00fcnschen, geben Sie einfach 16 Tickets ein, speichern diese im Warenkorb (Button &quot;Tickets bestellen&quot;).\u00a0\" \/>\n<meta property=\"og:url\" content=\"https:\/\/www.bb-entertainia.de\/test-bb-tickets\/product\/4-bebraer-dart-turnier-im-lokschuppen\/\" \/>\n<meta property=\"og:site_name\" content=\"Ticket-Shop BB Entertainia\" \/>\n<meta property=\"article:modified_time\" content=\"2024-06-07T07:41:28+00:00\" \/>\n<meta property=\"og:image\" content=\"https:\/\/www.bb-entertainia.de\/test-bb-tickets\/wp-content\/uploads\/sh-lokschuppen-dartturnier-2025.jpg\" \/>\n\t<meta property=\"og:image:width\" content=\"1000\" \/>\n\t<meta property=\"og:image:height\" content=\"1000\" \/>\n\t<meta property=\"og:image:type\" content=\"image\/jpeg\" \/>\n<meta name=\"twitter:card\" content=\"summary_large_image\" \/>\n<meta name=\"twitter:label1\" content=\"Gesch\u00e4tzte Lesezeit\" \/>\n\t<meta name=\"twitter:data1\" content=\"1\u00a0Minute\" \/>\n<script type=\"application\/ld+json\" class=\"yoast-schema-graph\">{\"@context\":\"https:\/\/schema.org\",\"@graph\":[{\"@type\":\"WebPage\",\"@id\":\"https:\/\/www.bb-entertainia.de\/test-bb-tickets\/product\/4-bebraer-dart-turnier-im-lokschuppen\/\",\"url\":\"https:\/\/www.bb-entertainia.de\/test-bb-tickets\/product\/4-bebraer-dart-turnier-im-lokschuppen\/\",\"name\":\"4. Bebraer Dart-Turnier im Lokschuppen - Ticket-Shop BB Entertainia\",\"isPartOf\":{\"@id\":\"https:\/\/www.bb-entertainia.de\/test-bb-tickets\/#website\"},\"primaryImageOfPage\":{\"@id\":\"https:\/\/www.bb-entertainia.de\/test-bb-tickets\/product\/4-bebraer-dart-turnier-im-lokschuppen\/#primaryimage\"},\"image\":{\"@id\":\"https:\/\/www.bb-entertainia.de\/test-bb-tickets\/product\/4-bebraer-dart-turnier-im-lokschuppen\/#primaryimage\"},\"thumbnailUrl\":\"https:\/\/www.bb-entertainia.de\/test-bb-tickets\/wp-content\/uploads\/sh-lokschuppen-dartturnier-2025.jpg\",\"datePublished\":\"2024-01-05T09:30:06+00:00\",\"dateModified\":\"2024-06-07T07:41:28+00:00\",\"breadcrumb\":{\"@id\":\"https:\/\/www.bb-entertainia.de\/test-bb-tickets\/product\/4-bebraer-dart-turnier-im-lokschuppen\/#breadcrumb\"},\"inLanguage\":\"de\",\"potentialAction\":[{\"@type\":\"ReadAction\",\"target\":[\"https:\/\/www.bb-entertainia.de\/test-bb-tickets\/product\/4-bebraer-dart-turnier-im-lokschuppen\/\"]}]},{\"@type\":\"ImageObject\",\"inLanguage\":\"de\",\"@id\":\"https:\/\/www.bb-entertainia.de\/test-bb-tickets\/product\/4-bebraer-dart-turnier-im-lokschuppen\/#primaryimage\",\"url\":\"https:\/\/www.bb-entertainia.de\/test-bb-tickets\/wp-content\/uploads\/sh-lokschuppen-dartturnier-2025.jpg\",\"contentUrl\":\"https:\/\/www.bb-entertainia.de\/test-bb-tickets\/wp-content\/uploads\/sh-lokschuppen-dartturnier-2025.jpg\",\"width\":1000,\"height\":1000},{\"@type\":\"BreadcrumbList\",\"@id\":\"https:\/\/www.bb-entertainia.de\/test-bb-tickets\/product\/4-bebraer-dart-turnier-im-lokschuppen\/#breadcrumb\",\"itemListElement\":[{\"@type\":\"ListItem\",\"position\":1,\"name\":\"Home\",\"item\":\"https:\/\/www.bb-entertainia.de\/test-bb-tickets\/\"},{\"@type\":\"ListItem\",\"position\":2,\"name\":\"Tickets\",\"item\":\"https:\/\/www.bb-entertainia.de\/test-bb-tickets\/\"},{\"@type\":\"ListItem\",\"position\":3,\"name\":\"4. Bebraer Dart-Turnier im Lokschuppen\"}]},{\"@type\":\"WebSite\",\"@id\":\"https:\/\/www.bb-entertainia.de\/test-bb-tickets\/#website\",\"url\":\"https:\/\/www.bb-entertainia.de\/test-bb-tickets\/\",\"name\":\"Ticket-Shop BB Entertainia\",\"description\":\"\",\"publisher\":{\"@id\":\"https:\/\/www.bb-entertainia.de\/test-bb-tickets\/#organization\"},\"potentialAction\":[{\"@type\":\"SearchAction\",\"target\":{\"@type\":\"EntryPoint\",\"urlTemplate\":\"https:\/\/www.bb-entertainia.de\/test-bb-tickets\/?s={search_term_string}\"},\"query-input\":\"required name=search_term_string\"}],\"inLanguage\":\"de\"},{\"@type\":\"Organization\",\"@id\":\"https:\/\/www.bb-entertainia.de\/test-bb-tickets\/#organization\",\"name\":\"Ticket-Shop BB Entertainia\",\"url\":\"https:\/\/www.bb-entertainia.de\/test-bb-tickets\/\",\"logo\":{\"@type\":\"ImageObject\",\"inLanguage\":\"de\",\"@id\":\"https:\/\/www.bb-entertainia.de\/test-bb-tickets\/#\/schema\/logo\/image\/\",\"url\":\"https:\/\/www.bb-entertainia.de\/test-bb-tickets\/wp-content\/uploads\/2020\/01\/logo-bb-entertainia.png\",\"contentUrl\":\"https:\/\/www.bb-entertainia.de\/test-bb-tickets\/wp-content\/uploads\/2020\/01\/logo-bb-entertainia.png\",\"width\":500,\"height\":102,\"caption\":\"Ticket-Shop BB Entertainia\"},\"image\":{\"@id\":\"https:\/\/www.bb-entertainia.de\/test-bb-tickets\/#\/schema\/logo\/image\/\"}}]}<\/script>\n<!-- \/ Yoast SEO plugin. -->","yoast_head_json":{"title":"4. Bebraer Dart-Turnier im Lokschuppen - Ticket-Shop BB Entertainia","robots":{"index":"index","follow":"follow","max-snippet":"max-snippet:-1","max-image-preview":"max-image-preview:large","max-video-preview":"max-video-preview:-1"},"canonical":"https:\/\/www.bb-entertainia.de\/test-bb-tickets\/product\/4-bebraer-dart-turnier-im-lokschuppen\/","og_locale":"de_DE","og_type":"article","og_title":"4. Bebraer Dart-Turnier im Lokschuppen - Ticket-Shop BB Entertainia","og_description":"4. Bebraer Dart-Turnier mit After-Show-Party Datum: 03. + 04. 01.2025 Freitag - Beginn: 19:00 Uhr, Einlass 18:00 Uhr Samstag - Beginn: 19:00 Uhr, Einlass 18:00 Uhr   Freitag: Einzelplatz 15,- \u20ac | Ganzer Tisch f\u00fcr 8 Personen = 110,- \u20ac Einzelplatz Premium 16,- \u20ac | Ganzer Tisch Premium f\u00fcr 8 Personen = 120,- \u20ac Samstag: Einzelplatz 25,- \u20ac | Ganzer Tisch f\u00fcr 8 Personen = 190,- \u20ac Einzelplatz Premium 27,- \u20ac | Ganzer Tisch Premium f\u00fcr 8 Personen = 200,- \u20ac Kombi-Ticket: Einzelplatz 35,- \u20ac | Ganzer Tisch f\u00fcr 8 Personen = 256,- \u20ac Einzelplatz Premium 37,50 \u20ac | Ganzer Tisch Premium f\u00fcr 8 Personen = 280,- \u20ac  SO BUCHEN SIE IHREN EIGENEN TISCH: Geben Sie 8 Pl\u00e4tze im Shop ein und Sie erhalten automatisch Ihren eigenen kompletten Tisch und profitieren zus\u00e4tzlich vom g\u00fcnstigen Komplett-Tisch-Rabatt. Wenn Sie 2 komplette Tische w\u00fcnschen, geben Sie einfach 16 Tickets ein, speichern diese im Warenkorb (Button \"Tickets bestellen\").\u00a0","og_url":"https:\/\/www.bb-entertainia.de\/test-bb-tickets\/product\/4-bebraer-dart-turnier-im-lokschuppen\/","og_site_name":"Ticket-Shop BB Entertainia","article_modified_time":"2024-06-07T07:41:28+00:00","og_image":[{"width":1000,"height":1000,"url":"https:\/\/www.bb-entertainia.de\/test-bb-tickets\/wp-content\/uploads\/sh-lokschuppen-dartturnier-2025.jpg","type":"image\/jpeg"}],"twitter_card":"summary_large_image","twitter_misc":{"Gesch\u00e4tzte Lesezeit":"1\u00a0Minute"},"schema":{"@context":"https:\/\/schema.org","@graph":[{"@type":"WebPage","@id":"https:\/\/www.bb-entertainia.de\/test-bb-tickets\/product\/4-bebraer-dart-turnier-im-lokschuppen\/","url":"https:\/\/www.bb-entertainia.de\/test-bb-tickets\/product\/4-bebraer-dart-turnier-im-lokschuppen\/","name":"4. Bebraer Dart-Turnier im Lokschuppen - Ticket-Shop BB Entertainia","isPartOf":{"@id":"https:\/\/www.bb-entertainia.de\/test-bb-tickets\/#website"},"primaryImageOfPage":{"@id":"https:\/\/www.bb-entertainia.de\/test-bb-tickets\/product\/4-bebraer-dart-turnier-im-lokschuppen\/#primaryimage"},"image":{"@id":"https:\/\/www.bb-entertainia.de\/test-bb-tickets\/product\/4-bebraer-dart-turnier-im-lokschuppen\/#primaryimage"},"thumbnailUrl":"https:\/\/www.bb-entertainia.de\/test-bb-tickets\/wp-content\/uploads\/sh-lokschuppen-dartturnier-2025.jpg","datePublished":"2024-01-05T09:30:06+00:00","dateModified":"2024-06-07T07:41:28+00:00","breadcrumb":{"@id":"https:\/\/www.bb-entertainia.de\/test-bb-tickets\/product\/4-bebraer-dart-turnier-im-lokschuppen\/#breadcrumb"},"inLanguage":"de","potentialAction":[{"@type":"ReadAction","target":["https:\/\/www.bb-entertainia.de\/test-bb-tickets\/product\/4-bebraer-dart-turnier-im-lokschuppen\/"]}]},{"@type":"ImageObject","inLanguage":"de","@id":"https:\/\/www.bb-entertainia.de\/test-bb-tickets\/product\/4-bebraer-dart-turnier-im-lokschuppen\/#primaryimage","url":"https:\/\/www.bb-entertainia.de\/test-bb-tickets\/wp-content\/uploads\/sh-lokschuppen-dartturnier-2025.jpg","contentUrl":"https:\/\/www.bb-entertainia.de\/test-bb-tickets\/wp-content\/uploads\/sh-lokschuppen-dartturnier-2025.jpg","width":1000,"height":1000},{"@type":"BreadcrumbList","@id":"https:\/\/www.bb-entertainia.de\/test-bb-tickets\/product\/4-bebraer-dart-turnier-im-lokschuppen\/#breadcrumb","itemListElement":[{"@type":"ListItem","position":1,"name":"Home","item":"https:\/\/www.bb-entertainia.de\/test-bb-tickets\/"},{"@type":"ListItem","position":2,"name":"Tickets","item":"https:\/\/www.bb-entertainia.de\/test-bb-tickets\/"},{"@type":"ListItem","position":3,"name":"4. Bebraer Dart-Turnier im Lokschuppen"}]},{"@type":"WebSite","@id":"https:\/\/www.bb-entertainia.de\/test-bb-tickets\/#website","url":"https:\/\/www.bb-entertainia.de\/test-bb-tickets\/","name":"Ticket-Shop BB Entertainia","description":"","publisher":{"@id":"https:\/\/www.bb-entertainia.de\/test-bb-tickets\/#organization"},"potentialAction":[{"@type":"SearchAction","target":{"@type":"EntryPoint","urlTemplate":"https:\/\/www.bb-entertainia.de\/test-bb-tickets\/?s={search_term_string}"},"query-input":"required name=search_term_string"}],"inLanguage":"de"},{"@type":"Organization","@id":"https:\/\/www.bb-entertainia.de\/test-bb-tickets\/#organization","name":"Ticket-Shop BB Entertainia","url":"https:\/\/www.bb-entertainia.de\/test-bb-tickets\/","logo":{"@type":"ImageObject","inLanguage":"de","@id":"https:\/\/www.bb-entertainia.de\/test-bb-tickets\/#\/schema\/logo\/image\/","url":"https:\/\/www.bb-entertainia.de\/test-bb-tickets\/wp-content\/uploads\/2020\/01\/logo-bb-entertainia.png","contentUrl":"https:\/\/www.bb-entertainia.de\/test-bb-tickets\/wp-content\/uploads\/2020\/01\/logo-bb-entertainia.png","width":500,"height":102,"caption":"Ticket-Shop BB Entertainia"},"image":{"@id":"https:\/\/www.bb-entertainia.de\/test-bb-tickets\/#\/schema\/logo\/image\/"}}]}},"tiered_pricing_type":"fixed","tiered_pricing_fixed_rules":[],"tiered_pricing_product_settings":{"layout":"default","base_unit_name":{"singular":null,"plural":null},"default_variation":null},"tiered_pricing_minimum_quantity":1,"tiered_pricing_roles_data":[],"tiered_pricing_percentage_rules":[],"_links":{"self":[{"href":"https:\/\/www.bb-entertainia.de\/test-bb-tickets\/wp-json\/wp\/v2\/product\/77180"}],"collection":[{"href":"https:\/\/www.bb-entertainia.de\/test-bb-tickets\/wp-json\/wp\/v2\/product"}],"about":[{"href":"https:\/\/www.bb-entertainia.de\/test-bb-tickets\/wp-json\/wp\/v2\/types\/product"}],"author":[{"embeddable":true,"href":"https:\/\/www.bb-entertainia.de\/test-bb-tickets\/wp-json\/wp\/v2\/users\/1"}],"wp:featuredmedia":[{"embeddable":true,"href":"https:\/\/www.bb-entertainia.de\/test-bb-tickets\/wp-json\/wp\/v2\/media\/77490"}],"wp:attachment":[{"href":"https:\/\/www.bb-entertainia.de\/test-bb-tickets\/wp-json\/wp\/v2\/media?parent=77180"}],"wp:term":[{"taxonomy":"product_cat","embeddable":true,"href":"https:\/\/www.bb-entertainia.de\/test-bb-tickets\/wp-json\/wp\/v2\/product_cat?post=77180"},{"taxonomy":"product_tag","embeddable":true,"href":"https:\/\/www.bb-entertainia.de\/test-bb-tickets\/wp-json\/wp\/v2\/product_tag?post=77180"}],"curies":[{"name":"wp","href":"https:\/\/api.w.org\/{rel}","templated":true}]}}