{"id":105214,"date":"2024-08-10T19:37:06","date_gmt":"2024-08-10T17:37:06","guid":{"rendered":"https:\/\/www.bb-entertainia.de\/test-bb-tickets\/?post_type=product&#038;p=105214"},"modified":"2024-08-12T07:01:49","modified_gmt":"2024-08-12T05:01:49","slug":"joe-wulfs-wonderful-world-of-christmas","status":"publish","type":"product","link":"https:\/\/www.bb-entertainia.de\/test-bb-tickets\/product\/joe-wulfs-wonderful-world-of-christmas\/","title":{"rendered":"JOE WULF`S &#8211; Wonderful World of Christmas"},"content":{"rendered":"<p><strong>Joe Wulf and the Gentlemen of Swing<\/strong> spielen die sch\u00f6nsten Swingtitel, American Standards und deutschen Weihnachtlieder. Erleben Sie die gro\u00dfen Hits wie \u201cI\u2019m Dreaming Of A White Christmas\u201d oder \u201cLet It Snow, Let It Snow\u201d im typischen Joe Wulf-Sound. Da werden Erinnerungen wach an Musiker wie Bing Crosby, Frank Sinatra oder Ella Fitzgerald, Louis Armstrong und Nat King Cole.<\/p>\n<p>Die sieben hochkar\u00e4tigen Jazzmusiker begeistern das Publikum mit sensiblen Interpretationen der beliebtesten Weihnachtssongs und mit ihrem einzigartig swingenden Sound.<\/p>\n<p>Bandleader Joe Wulf hat sich im Laufe der letzten 29 Jahre seine absoluten Favoriten als kongeniale Mitmusiker in die Band geholt. Jeder einzelne ist eine Pers\u00f6nlichkeit und ein Spezialist an seinem Instrument. Tourneen und Konzerte f\u00fchrten die Band auf die B\u00fchnen internationaler Festivals und Clubs, in Konzerthallen im In- und Ausland.<\/p>\n<p>1997 wurde Joe Wulf mit dem deutschen Fachmedienpreis als bester Posaunist und Bandleader des Jahres ausgezeichnet. 2011 erhielt er die Auszeichnung K\u00fcnstler des Jahres in der Sparte \u201eSolist\u201c<\/p>\n<p>Angela van Rijthoven wird solistisch und auch in Gesangsduetten mit Joe Wulf die \u201eLeichtigkeit des Seins\u201c n\u00e4herbringen und mit ihrer unverkennbaren, leidenschaftlichen Stimme das Publikum begeistern.<\/p>\n<p>\u201eJoe Wulf\u2019s Wonderful World of Christmas\u201c ist das erste gemeinsame Programm dieser beiden begnadeten K\u00fcnstler und es pr\u00e4sentiert eine Reihe herrlicher Titel, die durch so fabelhafte S\u00e4ngerinnen wie Ella Fitzgerald und Peggy Lee ber\u00fchmt wurden. Joe Wulf &amp; the Gentlemen of Swing und Angela van Rijthoven werden dieses Programm zu einem Leckerbissen f\u00fcr Freunde des Swing und Blues machen und zu einem garantierten musikalischen Highlight!<\/p>\n","protected":false},"excerpt":{"rendered":"<p><span class=\"uF-qm _2Cofy J2pYd _2Rnds\"><span class=\"_1idsK\" data-hook=\"ev-list-item-title\">Sitzplatz, Normalpreis<br \/>Datum: 08.12.2024, Beginn: 18:00 Uhr<br \/>Einlass 17.00 Uhr<\/span><\/span><\/p>\n<p><strong>Preise \/ Person:<\/strong><br \/>Reihen 1 bis 6: <strong>30,- \u20ac<\/strong><br \/>Reihen 7 bis 11: <strong>26,- \u20ac<\/strong><br \/>Reihen 12 bis 18: <strong>22,- \u20ac<\/strong><\/p>\n<p><span class=\"uF-qm _2Cofy J2pYd _2Rnds\"><span class=\"_1idsK\" data-hook=\"ev-list-item-title\"><strong>Achtung, der Saal verf\u00fcgt \u00fcber Sitzpl\u00e4tze in Vari\u00e9t\u00e9-Bestuhlung, bestehend jeweils aus einem Bistrotisch mit 2 St\u00fchlen.<\/strong><\/span><\/span><\/p>\n","protected":false},"author":1243,"featured_media":105194,"template":"","meta":[],"product_cat":[61],"product_tag":[],"class_list":{"0":"post-105214","1":"product","2":"type-product","3":"status-publish","4":"has-post-thumbnail","6":"product_cat-konzert","8":"first","9":"instock","10":"taxable","11":"shipping-taxable","12":"purchasable","13":"product-type-variable"},"yoast_head":"<!-- This site is optimized with the Yoast SEO plugin v23.3 - https:\/\/yoast.com\/wordpress\/plugins\/seo\/ -->\n<title>JOE WULF`S - Wonderful World of Christmas - Ticket-Shop BB Entertainia<\/title>\n<meta name=\"robots\" content=\"index, follow, max-snippet:-1, max-image-preview:large, max-video-preview:-1\" \/>\n<link rel=\"canonical\" href=\"https:\/\/www.bb-entertainia.de\/test-bb-tickets\/product\/joe-wulfs-wonderful-world-of-christmas\/\" \/>\n<meta property=\"og:locale\" content=\"de_DE\" \/>\n<meta property=\"og:type\" content=\"article\" \/>\n<meta property=\"og:title\" content=\"JOE WULF`S - Wonderful World of Christmas - Ticket-Shop BB Entertainia\" \/>\n<meta property=\"og:description\" content=\"Sitzplatz, NormalpreisDatum: 08.12.2024, Beginn: 18:00 UhrEinlass 17.00 UhrPreise \/ Person:Reihen 1 bis 6: 30,- \u20acReihen 7 bis 11: 26,- \u20acReihen 12 bis 18: 22,- \u20acAchtung, der Saal verf\u00fcgt \u00fcber Sitzpl\u00e4tze in Vari\u00e9t\u00e9-Bestuhlung, bestehend jeweils aus einem Bistrotisch mit 2 St\u00fchlen.\" \/>\n<meta property=\"og:url\" content=\"https:\/\/www.bb-entertainia.de\/test-bb-tickets\/product\/joe-wulfs-wonderful-world-of-christmas\/\" \/>\n<meta property=\"og:site_name\" content=\"Ticket-Shop BB Entertainia\" \/>\n<meta property=\"article:modified_time\" content=\"2024-08-12T05:01:49+00:00\" \/>\n<meta property=\"og:image\" content=\"https:\/\/www.bb-entertainia.de\/test-bb-tickets\/wp-content\/uploads\/08-12-24.jpg\" \/>\n\t<meta property=\"og:image:width\" content=\"814\" \/>\n\t<meta property=\"og:image:height\" content=\"814\" \/>\n\t<meta property=\"og:image:type\" content=\"image\/jpeg\" \/>\n<meta name=\"twitter:card\" content=\"summary_large_image\" \/>\n<meta name=\"twitter:label1\" content=\"Gesch\u00e4tzte Lesezeit\" \/>\n\t<meta name=\"twitter:data1\" content=\"2\u00a0Minuten\" \/>\n<script type=\"application\/ld+json\" class=\"yoast-schema-graph\">{\"@context\":\"https:\/\/schema.org\",\"@graph\":[{\"@type\":\"WebPage\",\"@id\":\"https:\/\/www.bb-entertainia.de\/test-bb-tickets\/product\/joe-wulfs-wonderful-world-of-christmas\/\",\"url\":\"https:\/\/www.bb-entertainia.de\/test-bb-tickets\/product\/joe-wulfs-wonderful-world-of-christmas\/\",\"name\":\"JOE WULF`S - Wonderful World of Christmas - Ticket-Shop BB Entertainia\",\"isPartOf\":{\"@id\":\"https:\/\/www.bb-entertainia.de\/test-bb-tickets\/#website\"},\"primaryImageOfPage\":{\"@id\":\"https:\/\/www.bb-entertainia.de\/test-bb-tickets\/product\/joe-wulfs-wonderful-world-of-christmas\/#primaryimage\"},\"image\":{\"@id\":\"https:\/\/www.bb-entertainia.de\/test-bb-tickets\/product\/joe-wulfs-wonderful-world-of-christmas\/#primaryimage\"},\"thumbnailUrl\":\"https:\/\/www.bb-entertainia.de\/test-bb-tickets\/wp-content\/uploads\/08-12-24.jpg\",\"datePublished\":\"2024-08-10T17:37:06+00:00\",\"dateModified\":\"2024-08-12T05:01:49+00:00\",\"breadcrumb\":{\"@id\":\"https:\/\/www.bb-entertainia.de\/test-bb-tickets\/product\/joe-wulfs-wonderful-world-of-christmas\/#breadcrumb\"},\"inLanguage\":\"de\",\"potentialAction\":[{\"@type\":\"ReadAction\",\"target\":[\"https:\/\/www.bb-entertainia.de\/test-bb-tickets\/product\/joe-wulfs-wonderful-world-of-christmas\/\"]}]},{\"@type\":\"ImageObject\",\"inLanguage\":\"de\",\"@id\":\"https:\/\/www.bb-entertainia.de\/test-bb-tickets\/product\/joe-wulfs-wonderful-world-of-christmas\/#primaryimage\",\"url\":\"https:\/\/www.bb-entertainia.de\/test-bb-tickets\/wp-content\/uploads\/08-12-24.jpg\",\"contentUrl\":\"https:\/\/www.bb-entertainia.de\/test-bb-tickets\/wp-content\/uploads\/08-12-24.jpg\",\"width\":814,\"height\":814},{\"@type\":\"BreadcrumbList\",\"@id\":\"https:\/\/www.bb-entertainia.de\/test-bb-tickets\/product\/joe-wulfs-wonderful-world-of-christmas\/#breadcrumb\",\"itemListElement\":[{\"@type\":\"ListItem\",\"position\":1,\"name\":\"Home\",\"item\":\"https:\/\/www.bb-entertainia.de\/test-bb-tickets\/\"},{\"@type\":\"ListItem\",\"position\":2,\"name\":\"Tickets\",\"item\":\"https:\/\/www.bb-entertainia.de\/test-bb-tickets\/\"},{\"@type\":\"ListItem\",\"position\":3,\"name\":\"JOE WULF`S &#8211; Wonderful World of Christmas\"}]},{\"@type\":\"WebSite\",\"@id\":\"https:\/\/www.bb-entertainia.de\/test-bb-tickets\/#website\",\"url\":\"https:\/\/www.bb-entertainia.de\/test-bb-tickets\/\",\"name\":\"Ticket-Shop BB Entertainia\",\"description\":\"\",\"publisher\":{\"@id\":\"https:\/\/www.bb-entertainia.de\/test-bb-tickets\/#organization\"},\"potentialAction\":[{\"@type\":\"SearchAction\",\"target\":{\"@type\":\"EntryPoint\",\"urlTemplate\":\"https:\/\/www.bb-entertainia.de\/test-bb-tickets\/?s={search_term_string}\"},\"query-input\":\"required name=search_term_string\"}],\"inLanguage\":\"de\"},{\"@type\":\"Organization\",\"@id\":\"https:\/\/www.bb-entertainia.de\/test-bb-tickets\/#organization\",\"name\":\"Ticket-Shop BB Entertainia\",\"url\":\"https:\/\/www.bb-entertainia.de\/test-bb-tickets\/\",\"logo\":{\"@type\":\"ImageObject\",\"inLanguage\":\"de\",\"@id\":\"https:\/\/www.bb-entertainia.de\/test-bb-tickets\/#\/schema\/logo\/image\/\",\"url\":\"https:\/\/www.bb-entertainia.de\/test-bb-tickets\/wp-content\/uploads\/2020\/01\/logo-bb-entertainia.png\",\"contentUrl\":\"https:\/\/www.bb-entertainia.de\/test-bb-tickets\/wp-content\/uploads\/2020\/01\/logo-bb-entertainia.png\",\"width\":500,\"height\":102,\"caption\":\"Ticket-Shop BB Entertainia\"},\"image\":{\"@id\":\"https:\/\/www.bb-entertainia.de\/test-bb-tickets\/#\/schema\/logo\/image\/\"}}]}<\/script>\n<!-- \/ Yoast SEO plugin. -->","yoast_head_json":{"title":"JOE WULF`S - Wonderful World of Christmas - Ticket-Shop BB Entertainia","robots":{"index":"index","follow":"follow","max-snippet":"max-snippet:-1","max-image-preview":"max-image-preview:large","max-video-preview":"max-video-preview:-1"},"canonical":"https:\/\/www.bb-entertainia.de\/test-bb-tickets\/product\/joe-wulfs-wonderful-world-of-christmas\/","og_locale":"de_DE","og_type":"article","og_title":"JOE WULF`S - Wonderful World of Christmas - Ticket-Shop BB Entertainia","og_description":"Sitzplatz, NormalpreisDatum: 08.12.2024, Beginn: 18:00 UhrEinlass 17.00 UhrPreise \/ Person:Reihen 1 bis 6: 30,- \u20acReihen 7 bis 11: 26,- \u20acReihen 12 bis 18: 22,- \u20acAchtung, der Saal verf\u00fcgt \u00fcber Sitzpl\u00e4tze in Vari\u00e9t\u00e9-Bestuhlung, bestehend jeweils aus einem Bistrotisch mit 2 St\u00fchlen.","og_url":"https:\/\/www.bb-entertainia.de\/test-bb-tickets\/product\/joe-wulfs-wonderful-world-of-christmas\/","og_site_name":"Ticket-Shop BB Entertainia","article_modified_time":"2024-08-12T05:01:49+00:00","og_image":[{"width":814,"height":814,"url":"https:\/\/www.bb-entertainia.de\/test-bb-tickets\/wp-content\/uploads\/08-12-24.jpg","type":"image\/jpeg"}],"twitter_card":"summary_large_image","twitter_misc":{"Gesch\u00e4tzte Lesezeit":"2\u00a0Minuten"},"schema":{"@context":"https:\/\/schema.org","@graph":[{"@type":"WebPage","@id":"https:\/\/www.bb-entertainia.de\/test-bb-tickets\/product\/joe-wulfs-wonderful-world-of-christmas\/","url":"https:\/\/www.bb-entertainia.de\/test-bb-tickets\/product\/joe-wulfs-wonderful-world-of-christmas\/","name":"JOE WULF`S - Wonderful World of Christmas - Ticket-Shop BB Entertainia","isPartOf":{"@id":"https:\/\/www.bb-entertainia.de\/test-bb-tickets\/#website"},"primaryImageOfPage":{"@id":"https:\/\/www.bb-entertainia.de\/test-bb-tickets\/product\/joe-wulfs-wonderful-world-of-christmas\/#primaryimage"},"image":{"@id":"https:\/\/www.bb-entertainia.de\/test-bb-tickets\/product\/joe-wulfs-wonderful-world-of-christmas\/#primaryimage"},"thumbnailUrl":"https:\/\/www.bb-entertainia.de\/test-bb-tickets\/wp-content\/uploads\/08-12-24.jpg","datePublished":"2024-08-10T17:37:06+00:00","dateModified":"2024-08-12T05:01:49+00:00","breadcrumb":{"@id":"https:\/\/www.bb-entertainia.de\/test-bb-tickets\/product\/joe-wulfs-wonderful-world-of-christmas\/#breadcrumb"},"inLanguage":"de","potentialAction":[{"@type":"ReadAction","target":["https:\/\/www.bb-entertainia.de\/test-bb-tickets\/product\/joe-wulfs-wonderful-world-of-christmas\/"]}]},{"@type":"ImageObject","inLanguage":"de","@id":"https:\/\/www.bb-entertainia.de\/test-bb-tickets\/product\/joe-wulfs-wonderful-world-of-christmas\/#primaryimage","url":"https:\/\/www.bb-entertainia.de\/test-bb-tickets\/wp-content\/uploads\/08-12-24.jpg","contentUrl":"https:\/\/www.bb-entertainia.de\/test-bb-tickets\/wp-content\/uploads\/08-12-24.jpg","width":814,"height":814},{"@type":"BreadcrumbList","@id":"https:\/\/www.bb-entertainia.de\/test-bb-tickets\/product\/joe-wulfs-wonderful-world-of-christmas\/#breadcrumb","itemListElement":[{"@type":"ListItem","position":1,"name":"Home","item":"https:\/\/www.bb-entertainia.de\/test-bb-tickets\/"},{"@type":"ListItem","position":2,"name":"Tickets","item":"https:\/\/www.bb-entertainia.de\/test-bb-tickets\/"},{"@type":"ListItem","position":3,"name":"JOE WULF`S &#8211; Wonderful World of Christmas"}]},{"@type":"WebSite","@id":"https:\/\/www.bb-entertainia.de\/test-bb-tickets\/#website","url":"https:\/\/www.bb-entertainia.de\/test-bb-tickets\/","name":"Ticket-Shop BB Entertainia","description":"","publisher":{"@id":"https:\/\/www.bb-entertainia.de\/test-bb-tickets\/#organization"},"potentialAction":[{"@type":"SearchAction","target":{"@type":"EntryPoint","urlTemplate":"https:\/\/www.bb-entertainia.de\/test-bb-tickets\/?s={search_term_string}"},"query-input":"required name=search_term_string"}],"inLanguage":"de"},{"@type":"Organization","@id":"https:\/\/www.bb-entertainia.de\/test-bb-tickets\/#organization","name":"Ticket-Shop BB Entertainia","url":"https:\/\/www.bb-entertainia.de\/test-bb-tickets\/","logo":{"@type":"ImageObject","inLanguage":"de","@id":"https:\/\/www.bb-entertainia.de\/test-bb-tickets\/#\/schema\/logo\/image\/","url":"https:\/\/www.bb-entertainia.de\/test-bb-tickets\/wp-content\/uploads\/2020\/01\/logo-bb-entertainia.png","contentUrl":"https:\/\/www.bb-entertainia.de\/test-bb-tickets\/wp-content\/uploads\/2020\/01\/logo-bb-entertainia.png","width":500,"height":102,"caption":"Ticket-Shop BB Entertainia"},"image":{"@id":"https:\/\/www.bb-entertainia.de\/test-bb-tickets\/#\/schema\/logo\/image\/"}}]}},"tiered_pricing_type":"fixed","tiered_pricing_fixed_rules":[],"tiered_pricing_product_settings":{"layout":"default","base_unit_name":{"singular":null,"plural":null},"default_variation":null},"tiered_pricing_minimum_quantity":1,"tiered_pricing_roles_data":[],"tiered_pricing_percentage_rules":[],"_links":{"self":[{"href":"https:\/\/www.bb-entertainia.de\/test-bb-tickets\/wp-json\/wp\/v2\/product\/105214"}],"collection":[{"href":"https:\/\/www.bb-entertainia.de\/test-bb-tickets\/wp-json\/wp\/v2\/product"}],"about":[{"href":"https:\/\/www.bb-entertainia.de\/test-bb-tickets\/wp-json\/wp\/v2\/types\/product"}],"author":[{"embeddable":true,"href":"https:\/\/www.bb-entertainia.de\/test-bb-tickets\/wp-json\/wp\/v2\/users\/1243"}],"wp:featuredmedia":[{"embeddable":true,"href":"https:\/\/www.bb-entertainia.de\/test-bb-tickets\/wp-json\/wp\/v2\/media\/105194"}],"wp:attachment":[{"href":"https:\/\/www.bb-entertainia.de\/test-bb-tickets\/wp-json\/wp\/v2\/media?parent=105214"}],"wp:term":[{"taxonomy":"product_cat","embeddable":true,"href":"https:\/\/www.bb-entertainia.de\/test-bb-tickets\/wp-json\/wp\/v2\/product_cat?post=105214"},{"taxonomy":"product_tag","embeddable":true,"href":"https:\/\/www.bb-entertainia.de\/test-bb-tickets\/wp-json\/wp\/v2\/product_tag?post=105214"}],"curies":[{"name":"wp","href":"https:\/\/api.w.org\/{rel}","templated":true}]}}